n s is divided by 28.
27
Let w(i) = i + 55. Calculate the remainder when 2126 is divided by w(-48).
5
Let c(b) = b**3 + 18*b**2 + 13*b - 96. What is the remainder when c(-8) is divided by 209?
22
Let j(r) = -r + 17. Let g be j(15). Let n = g + 1. Let f = 949 - 945. What is the remainder when f is divided by n?
1
Let a(l) = -l**3 + 5*l**2 + 6*l + 3. Let f be a(6). Suppose -5 = -c, -c - f*c - 12 = -i. What is the remainder when 61 is divided by i?
29
Suppose -263*n - 25*n = -6336. What is the remainder when 1730 is divided by n?
14
Let w = 463 + -466. What is the remainder when 29 is divided by -1 - w/((-9)/(-39))?
5
Let i(p) = -77*p + 22. Let q be i(-10). Suppose -10*j - 12*j = -q. Calculate the remainder when 70 is divided by j.
34
Let l(f) = f**2 + f + 1. Let g be l(-2). Suppose -a + g*d + 69 = 0, -a + d = -4*d - 69. Let c = 4502 - 4477. What is the remainder when a is divided by c?
19
Let w(q) = -q**3 - 22*q**2 - 61*q - 32. Suppose 0*b = 2*b - 6. Suppose b*c = c + 258. What is the remainder when c is divided by w(-19)?
41
Let n(u) be the third derivative of u**6/120 + u**5/15 - u**4/4 - 4*u**3/3 - 4*u**2 - 11*u. Calculate the remainder when 47 is divided by n(-4).
15
Suppose -4*i + 155 = i. Let f be 497/(-28)*1/(2/(-16)). Let x = -124 + f. Calculate the remainder when i is divided by x.
13
Suppose -l = 4*t - 352, -4*l = -l. Suppose 56*x + 43*x - 43461 = 0. Calculate the remainder when x is divided by t.
87
Let r(i) = -i**2 + 50*i - 604. What is the remainder when 621 is divided by r(22)?
9
Let f(g) = 8*g**2 + 55*g - 8. What is the remainder when f(-12) is divided by 200?
84
Calculate the remainder when 6150/100*(-68)/(-6) is divided by 28.
25
Let t(q) = -q**3 - 17*q**2 + 15*q. Let c be t(-13). Let n = 972 + c. Calculate the remainder when n is divided by 43.
15
Suppose 2*u - 11 = 2*w + 105, -4*u + 238 = -2*w. Calculate the remainder when (-82478)/(-345) + 2/(-30) is divided by u.
56
Let f(x) = -2*x**2 + 19*x + 24. Suppose -r + 20 = 2*w, -5*w - 6 = -4*r + 9. Calculate the remainder when 125 is divided by f(r).
13
Let h(z) = 26*z + 5403. What is the remainder when h(-201) is divided by (-46)/3*(-10 - -7)?
39
Suppose 355*w - 359*w - i + 6952 = 0, 0 = -w + 3*i + 1751. What is the remainder when w is divided by 15?
14
Suppose 5*m = -j + 22298, 2*m + 3*j + 835 - 9736 = 0. What is the remainder when m is divided by 24?
21
Let l = 487 - 338. Let w(x) = -2*x**2 + 1968*x - 19442. What is the remainder when (l/2)/((-2)/(-4)) is divided by w(10)?
35
Let o be (-19)/(-3)*10/((-50)/(-255)). Let t = o + -309. What is the remainder when 95 is divided by t?
11
Suppose -1101*a - 17620 = -1121*a. What is the remainder when a is divided by 98?
97
What is the remainder when 744 is divided by (3 + 53 + 2)/(108 + -107)?
48
Let n = 2656 - 2604. Calculate the remainder when 831 is divided by n.
51
Let c = -42 + 68. Suppose 0*s - 4*u = 2*s, -3*u - c = -5*s. Suppose -2*i + 100 = 3*i + a, 0 = 4*i - s*a - 56. Calculate the remainder when 73 is divided by i.
16
Let x = -181 + 264. Let v be (-230)/(-7) - 2*(-1)/14. Suppose 26*p - v*p = -119. Calculate the remainder when x is divided by p.
15
Suppose -a = 1, 0 = 4*r - 3*a + 79 + 66. Let c = -30 - r. Suppose 3*z - c*z = -424. What is the remainder when z is divided by 18?
16
Let x(o) = -3*o - 7. Let p(n) = -n**3 - 14*n**2 - 15*n - 31. Let f be p(-13). Let r = 44 + f. What is the remainder when r is divided by x(-7)?
11
Suppose -2*a - 706 = 5*i - 288, -i - 2 = 0. Let q = a + 238. What is the remainder when q is divided by 13?
8
Suppose -2*c = 2*m - 128, c - 3*m = 130 - 50. Calculate the remainder when 78 is divided by c.
10
Calculate the remainder when (-1172)/5567 - 289/(-19) is divided by 7.
1
Let i = -6 + 12. Let a = 77 - 68. Suppose 0 = -2*g + 4*p + 56, 5*g + 112 = a*g - 4*p. What is the remainder when g is divided by i?
4
Let y(j) = 41*j**2 - 281*j + 1669. What is the remainder when y(6) is divided by 244?
239
Let a = 8986 - 8810. Calculate the remainder when a is divided by 89.
87
Let z = -32014 + 36233. What is the remainder when z is divided by 67?
65
Let d(t) be the second derivative of t**5/20 + 7*t**4/12 - 7*t**2 + 64*t. What is the remainder when d(-4) is divided by 19?
15
Let o(n) = -8*n - 2. Let z = -59 - -55. Let y be (2 - 3 - -4) + z. Calculate the remainder when 9 is divided by o(y).
3
Let l(s) = s**3 - 9*s**2 - 50*s + 176. Calculate the remainder when 827 is divided by l(13).
19
Let o = 41 + -29. Suppose 0 = 11*s - o*s + 25. What is the remainder when s is divided by 4*3/(-30) + (-820)/(-50)?
9
Let p(y) = -16*y - 3. What is the remainder when (7 + 63)*8/10 is divided by p(-1)?
4
Let t = -3838 - -4781. Calculate the remainder when t is divided by 8.
7
Let l = -2223 + 2281. Calculate the remainder when 366 is divided by l.
18
Let g = -962 + 1244. What is the remainder when g is divided by (-3)/((-210)/(-114) + -2)?
16
Suppose d - 1299 = -5*m, m - 3*d - 276 + 13 = 0. What is the remainder when m is divided by 35?
15
Suppose 5*o + 15 = 100. Let y be (4*1 + 0)*(-54)/(-18). Calculate the remainder when (-6)/4*(-8)/y + 30 is divided by o.
14
Let g be (7 + -9)/(2/12). Let z(n) = -n - 8. Let p be z(g). Suppose 5*t = t + p*i + 360, -2*t - i + 165 = 0. What is the remainder when t is divided by 22?
19
Let f(n) = -5*n - 26 - 5 + 59. Let r be f(6). What is the remainder when 26 is divided by (-1)/(r*(-4)/(-176))?
4
Calculate the remainder when 507 is divided by 24*(-15)/120 + 2*128.
1
Suppose 3*z - 12 = -0. Let y = 1185 - 1180. Suppose 21 + 44 = 5*v - y*i, 0 = -v - z*i + 8. What is the remainder when 155 is divided by v?
11
Suppose 0 = 2*a - 15*a + 52. Suppose 4*f - f = -9, -50 = j - a*f. Let u = -54 - j. What is the remainder when 13 is divided by u?
5
Let y = -13748 + 14516. What is the remainder when y is divided by 139?
73
Suppose 8*t - t - 551 + 425 = 0. Let j be (-1)/((-10)/4)*-5. What is the remainder when t is divided by j/(-6) + 20/3?
4
Let i be ((-1)/(-4))/((-1)/(-4)) + 1. Suppose -68 = -i*t - 4*p, 6 - 109 = -3*t - 5*p. Calculate the remainder when 142 is divided by t.
34
Suppose -4*j - q = 2*q + 2938, -5*j - q = 3678. Calculate the remainder when (12/16)/((-6)/j) is divided by 46.
0
Suppose -3 = -2*a + a. Suppose 16 = -a*p + 148. Suppose 2*u = -5*h + 114, 5*h + 5*u - 28 - 77 = 0. What is the remainder when p is divided by h?
20
Suppose 207 = -34*n + 37*n + 5*l, -3*l = 0. Suppose 0 = 3*v + q - 91, n*q - 64*q = 5. Calculate the remainder when 179 is divided by v.
29
Suppose 727*l - 4860 = 592*l. Let s(j) = 4*j**3 - j**2 - j - 4. What is the remainder when s(3) is divided by l?
20
Let o = 25 - -70. Let s = o + -89. Suppose -247 = -7*a - s*a. Calculate the remainder when 56 is divided by a.
18
Suppose -2 = -y, 2*i + 2*y = 5*y - 2. Suppose -i*d - 4*a + 182 = 0, 525 = 2*d + 3*d - 4*a. What is the remainder when d is divided by 15?
11
Suppose -y - 4*n + 3 = -0, 2*y - 6 = -5*n. Suppose 3*l = 3*r + 78, -y*l - 2*r = -6*l + 79. What is the remainder when 105 is divided by l?
24
Calculate the remainder when 22 + (1342 - -22) + 0 is divided by 30.
6
Suppose 0 = -k - 3*r, -1 = r - 4. Let o be -1 - 3/(k/(-6)). What is the remainder when 47 + 2 + o + 7 is divided by 18?
17
Let u(g) = -g**2 - 116*g - 3340. What is the remainder when 54 is divided by u(-56)?
14
Let d(m) = 2*m**2 + 23*m - 204. What is the remainder when d(8) is divided by 99?
9
Suppose 0 = -11*z + 16*z - 2*p - 56, -2*p - 32 = -3*z. Suppose 2*x = -0*c + 4*c - 766, -4*x = z. What is the remainder when c is divided by 16?
14
Let x(b) = 4*b**2 + 7*b - 12. Calculate the remainder when x(9) is divided by -21*(15 + -7)/(-4).
39
Let i = 10524 + -10383. Calculate the remainder when 1690 is divided by i.
139
Suppose 14*w + 3*q = 19*w - 123, -155 = -5*w - 5*q. What is the remainder when 769 is divided by w?
13
Let i(x) = 10*x**2 + 3*x - 16. Let r be i(-5). Suppose -45 = 2*k - r. Calculate the remainder when k is divided by 10.
7
Suppose -13*d + 17*d - 843 = -x, 3*d - 618 = 4*x. Calculate the remainder when d is divided by ((-3852)/(-8))/9 + 2/(-4).
51
Let w(r) = 11*r - 259. What is the remainder when w(93) is divided by 285?
194
What is the remainder when (-528)/(-7) + (-33)/(-77)*(-6 + 5) is divided by 30?
15
Let h(i) = -47*i**2 + i - 1. Let f be h(1). Let c = -29 - 